{"id":705,"date":"2020-05-24T12:31:35","date_gmt":"2020-05-24T12:31:35","guid":{"rendered":"http:\/\/www.teofilioanstiop.ro\/?page_id=705"},"modified":"2020-05-24T12:31:35","modified_gmt":"2020-05-24T12:31:35","slug":"gradina-inchipuita-3","status":"publish","type":"page","link":"http:\/\/www.teofilioanstiop.ro\/ro\/gradina-inchipuita-3\/","title":{"rendered":"Gradin\u0103 \u00eenchipuit\u0103 3"},"content":{"rendered":"\n<figure class=\"wp-block-image size-large is-style-zoooom\"><a href=\"http:\/\/www.teofilioanstiop.ro\/wp-content\/uploads\/2020\/05\/Gradinina-inchipuita-3-scaled.jpg\" data-rel=\"lightbox-image-0\" data-rl_title=\"\" data-rl_caption=\"\" title=\"\"><img decoding=\"async\" loading=\"lazy\" width=\"1024\" height=\"1024\" src=\"http:\/\/www.teofilioanstiop.ro\/wp-content\/uploads\/2020\/05\/Gradinina-inchipuita-3-1024x1024.jpg\" alt=\"\" class=\"wp-image-574\" srcset=\"http:\/\/www.teofilioanstiop.ro\/wp-content\/uploads\/2020\/05\/Gradinina-inchipuita-3-1024x1024.jpg 1024w, http:\/\/www.teofilioanstiop.ro\/wp-content\/uploads\/2020\/05\/Gradinina-inchipuita-3-300x300.jpg 300w, http:\/\/www.teofilioanstiop.ro\/wp-content\/uploads\/2020\/05\/Gradinina-inchipuita-3-150x150.jpg 150w, http:\/\/www.teofilioanstiop.ro\/wp-content\/uploads\/2020\/05\/Gradinina-inchipuita-3-768x768.jpg 768w, http:\/\/www.teofilioanstiop.ro\/wp-content\/uploads\/2020\/05\/Gradinina-inchipuita-3-1536x1536.jpg 1536w, http:\/\/www.teofilioanstiop.ro\/wp-content\/uploads\/2020\/05\/Gradinina-inchipuita-3-2048x2048.jpg 2048w, http:\/\/www.teofilioanstiop.ro\/wp-content\/uploads\/2020\/05\/Gradinina-inchipuita-3-100x100.jpg 100w\" sizes=\"(max-width: 706px) 89vw, (max-width: 767px) 82vw, 740px\" \/><\/a><\/figure>\n\n\n\n<p class=\"has-text-align-right\">78,5&#215;78,5 cm, acrilic, tempera \u0219i c\u0103rbune pe p\u00e2nz\u0103, 2007<br><a href=\"http:\/\/www.teofilioanstiop.ro\/ro\/contact\/\">Contacteaz\u0103 artistul pentru informa\u0163ii suplimentare.<\/a><\/p>\n","protected":false},"excerpt":{"rendered":"<p>78,5&#215;78,5 cm, acrilic, tempera \u0219i c\u0103rbune pe p\u00e2nz\u0103, 2007Contacteaz\u0103 artistul pentru informa\u0163ii suplimentare.<\/p>\n","protected":false},"author":3,"featured_media":0,"parent":0,"menu_order":0,"comment_status":"closed","ping_status":"closed","template":"","meta":[],"_links":{"self":[{"href":"http:\/\/www.teofilioanstiop.ro\/ro\/wp-json\/wp\/v2\/pages\/705"}],"collection":[{"href":"http:\/\/www.teofilioanstiop.ro\/ro\/wp-json\/wp\/v2\/pages"}],"about":[{"href":"http:\/\/www.teofilioanstiop.ro\/ro\/wp-json\/wp\/v2\/types\/page"}],"author":[{"embeddable":true,"href":"http:\/\/www.teofilioanstiop.ro\/ro\/wp-json\/wp\/v2\/users\/3"}],"replies":[{"embeddable":true,"href":"http:\/\/www.teofilioanstiop.ro\/ro\/wp-json\/wp\/v2\/comments?post=705"}],"version-history":[{"count":1,"href":"http:\/\/www.teofilioanstiop.ro\/ro\/wp-json\/wp\/v2\/pages\/705\/revisions"}],"predecessor-version":[{"id":706,"href":"http:\/\/www.teofilioanstiop.ro\/ro\/wp-json\/wp\/v2\/pages\/705\/revisions\/706"}],"wp:attachment":[{"href":"http:\/\/www.teofilioanstiop.ro\/ro\/wp-json\/wp\/v2\/media?parent=705"}],"curies":[{"name":"wp","href":"https:\/\/api.w.org\/{rel}","templated":true}]}}

Gradină închipuită 3

<figure class="wp-block-image size-large is-style-zoooom"><a href="http://www.teofilioanstiop.ro/wp-content/uploads/2020/05/Gradinina-inchipuita-3-scaled.jpg" data-rel="lightbox-image-0" data-rl_title="" data-rl_caption="" title=""><img decoding="async" loading="lazy" width="1024" height="1024" src="http://www.teofilioanstiop.ro/wp-content/uploads/2020/05/Gradinina-inchipuita-3-1024x1024.jpg" alt="" class="wp-image-574" srcset="http://www.teofilioanstiop.ro/wp-content/uploads/2020/05/Gradinina-inchipuita-3-1024x1024.jpg 1024w, http://www.teofilioanstiop.ro/wp-content/uploads/2020/05/Gradinina-inchipuita-3-300x300.jpg 300w, http://www.teofilioanstiop.ro/wp-content/uploads/2020/05/Gradinina-inchipuita-3-150x150.jpg 150w, http://www.teofilioanstiop.ro/wp-content/uploads/2020/05/Gradinina-inchipuita-3-768x768.jpg 768w, http://www.teofilioanstiop.ro/wp-content/uploads/2020/05/Gradinina-inchipuita-3-1536x1536.jpg 1536w, http://www.teofilioanstiop.ro/wp-content/uploads/2020/05/Gradinina-inchipuita-3-2048x2048.jpg 2048w, http://www.teofilioanstiop.ro/wp-content/uploads/2020/05/Gradinina-inchipuita-3-100x100.jpg 100w" sizes="(max-width: 706px) 89vw, (max-width: 767px) 82vw, 740px" /></a></figure>



<p class="has-text-align-right">78,5&#215;78,5 cm, acrilic, tempera și cărbune pe pânză, 2007<br><a href="http://www.teofilioanstiop.ro/ro/contact/">Contactează artistul pentru informaţii suplimentare.</a></p>

<p>78,5&#215;78,5 cm, acrilic, tempera și cărbune pe pânză, 2007Contactează artistul pentru informaţii suplimentare.</p>
